f a(12).
17, 23
Let w(q) = -q**2 + 3*q + 9. Let d be w(4). Suppose -2*o + 642 = -4*b + b, -d*b = -10. List the prime factors of o.
2, 3
Let a(b) = b**3 + 2*b + 147. Suppose -r = 4*r - r. What are the prime factors of a(r)?
3, 7
Suppose 0 = -59*w + 42*w + 42644 + 199623. List the prime factors of w.
14251
Let p be 4/(-3 - -5) - 0. Suppose -4*b + 19 = -p*z + 1, -b + z = -3. List the prime factors of 71/(-2)*3/((-9)/b).
71
List the prime factors of (-157340)/(-12)*(-576)/(-240).
2, 7867
Suppose 24*p - 37589 = 193507. List the prime factors of p.
9629
Suppose -3*f + 9824 = -c, -3*c + 13517 = 3*f + 3713. What are the prime factors of 110/15 - 8 - f/(-9)?
3, 11
List the prime factors of ((2/9)/((-53)/648402))/((-4)/12).
2, 2039
Suppose 52 = 2*g - 84. Let i be (-481)/5 - 536/670. Let j = g - i. What are the prime factors of j?
3, 5, 11
Let r = -36 + 33. Let w be (-369)/6*8/r. Suppose -2*o - 2*f + w = 0, 2*o + 2*f = -3*f + 164. List the prime factors of o.
2, 41
Let a be 4/30 + (10 - 15488/(-165)). Let c(g) = 3*g + 1. Let y be c(-6). Let d = a + y. List the prime factors of d.
3, 29
Let h be (-14 - -5) + 4 - -7. Let w be 2 - (8 - h) - -9 - 3. Suppose -w*j = -2*q - 106, -2*j - 2*q = -3*q - 103. What are the prime factors of j?
2, 5
Let z(m) = m**2 + m - 2. Let p be z(-2). Suppose p = -i + 2*v + 3, i + 4*i = -4*v - 55. List the prime factors of (82 - i) + (0 - -3).
2, 23
Let g be (-3)/(-1*(-6)/(-218)). Let r = 584 + -562. Let s = g + r. List the prime factors of s.
131
Suppose -191 = 2*k - 3*l - 80, 4*l + 12 = 0. Let j = -72 - k. List the prime factors of (j/14)/(956/(-952) + 1).
2, 3, 17
Let j = 16 - 15. Let s(f) = 341*f**2 - 3*f - 2. What are the prime factors of s(j)?
2, 3, 7
Suppose 0 = 3*m + 3*t - 33, -3*m + 4*t = -0*m - 12. Let d(q) = -q**3 + 8*q**2 - 2*q + 18. Let x be d(m). Suppose 506 - 22 = x*k. List the prime factors of k.
2, 11
Suppose 5*i + t + 29 - 84 = 0, 4*i - 50 = -2*t. What are the prime factors of 2*i/5 + (6 - -628)?
2, 11, 29
Suppose 636 - 11537 = -2*y - 3*v, -3*v = -2*y + 10883. What are the prime factors of y?
2, 7, 389
Let a(m) = 9*m + 3. Let q be a(-1). List the prime factors of ((-1)/(q/14))/(52/3588).
7, 23
Suppose 100551 = 3*z + 5*z + 3*z. List the prime factors of z.
3, 11, 277
Let i = 7 - 1. Suppose 5*b - 3*v - 1002 = 0, 0 = 5*b - 5*v - 1101 + 91. Suppose i*k - b = 3*k. List the prime factors of k.
2, 3, 11
Let u = 42689 - 25369. What are the prime factors of u?
2, 5, 433
Let g = 3456 - 25. What are the prime factors of g?
47, 73
Let u = -26 - -67. Suppose 5*s - u = -4*w, -2*w - s = -6*s + 17. Suppose 2*h - 184 = -3*i, -3*i = -w*i - 4*h + 58. What are the prime factors of i?
2, 31
Let s be ((-2)/4)/((-1)/(-110)*5). Let q(k) = k + 15. Let x be q(s). Suppose c - 466 = -3*c - 5*i, -i + 458 = x*c. List the prime factors of c.
2, 3, 19
Suppose w + 1 - 12 = -p, 5*p = -4*w + 50. Suppose -3*j = p - 0, -2*j = a + 15. Let i(v) = -10*v - 18. List the prime factors of i(a).
2, 23
Let q = -12740 + 22522. What are the prime factors of q?
2, 67, 73
Let o be (-3 + 0 + 4)*1*11. Suppose -2 = -2*x, 0 = o*s - 13*s + 2*x + 16. List the prime factors of s.
3
Suppose -2*y - 66 = -y. Let r = 181 + y. Let l = r - -12. What are the prime factors of l?
127
Let b(a) be the third derivative of -5*a**7/504 - a**6/240 - a**5/5 + 16*a**2. Let j(x) be the third derivative of b(x). What are the prime factors of j(-2)?
97
Suppose -5*u + 108760 = 5*a, a - 6*u - 21756 = -8*u. What are the prime factors of (-18)/(-270) - a/(-30)?
5, 29
Suppose -88700 = -9*i - 24*i + 8*i. What are the prime factors of i?
2, 887
Suppose -2*d + 36 - 13 = 5*l, -d = l - 7. List the prime factors of l/(4 - 1)*172 + -3.
13
Let l be (-238)/12 + 73/(-438). What are the prime factors of (l/(-100))/((-1)/(-8110))?
2, 811
Suppose 4*b = -16*b + 60. Suppose 0 = -9*u + 14*u + 20, -5*u + 5161 = b*i. List the prime factors of i.
11, 157
Let b = 204 + -183. Suppose -b*x + 18*x + 309 = 0. List the prime factors of x.
103
Let o(m) = m**3 - 9*m**2 - 23*m + 13. Let k be o(11). List the prime factors of 710 - 5 - (k + 1).
2, 3, 13
Let x = 89830 - 28629. What are the prime factors of x?
7, 1249
What are the prime factors of (1272/1 - -1) + 17 + -28 + 13?
3, 5, 17
Suppose -43 = q + 4*z + z, q = -z - 23. Let o be 45/q*(-8)/10. Let g(w) = 87*w + 4. What are the prime factors of g(o)?
2, 89
Suppose 9*w + 106 = -74. Let p be 4 + 72/w - (-32)/(-5). What are the prime factors of 9*((-74)/p - 5)?
2, 3, 11
Let t(f) = -f**2 - 9*f + 32. Let m be t(-12). Let k be (-1)/((3 + m)/18). Suppose k*n = 12*n + 222. List the prime factors of n.
37
Suppose -3*r - 4*l - 41 = -12, -2*l = 3*r + 37. Let h = 22 + r. Suppose 5*w - 820 = -5*p, h*w - 4*p - 775 = 2*w. List the prime factors of w.
3, 53
Suppose 0 = 2*x + 6 - 12. Suppose -x*q = -15 + 9. Suppose q*p - 10 = 8. What are the prime factors of p?
3
Let y(t) = -67*t + 14*t - 60 + 148. List the prime factors of y(-8).
2
List the prime factors of ((-5)/10 - (-669395)/90) + (-4)/18.
3, 37, 67
Let d = 12436 + 14112. What are the prime factors of d?
2, 6637
Let l be 7/2 - 23/46. Suppose j - 66*f + 64*f = 1231, -l*f = -4*j + 4919. List the prime factors of j.
1229
Let l(b) = 3*b**2 - 13*b + 21. Suppose -7*h + 438 = -3. Let f = 70 - h. What are the prime factors of l(f)?
7, 11
Let h = -5007 - -9556. What are the prime factors of h?
4549
Let l be ((-4)/(-3))/(6 + 40604/(-6768)). Suppose -20 = 3*y - 8, -2*y = -2*a + l. List the prime factors of a.
2, 281
Let u(g) = -71*g - 321. Let v(t) = 35*t + 161. Let q(n) = 6*u(n) + 11*v(n). List the prime factors of q(-29).
2, 11, 47
Suppose -73*f + 76*f - 6 = 0. Let a(w) = w**2 + w + 35*w**2 - 3 + 11*w**f - 3*w. What are the prime factors of a(-2)?
3, 7
Let s(m) = -12*m + 145. Let x be s(10). Suppose -11*n = -x*n + 7504. List the prime factors of n.
2, 67
Let c(v) = v**3 - 3*v + 16. Let b be c(6). Let q = 339 - b. Let s = q + 60. What are the prime factors of s?
5, 37
Let s(w) = -75*w + 381. Let y = 522 + -528. What are the prime factors of s(y)?
3, 277
Suppose -3*s - 6*b + 85821 = 0, 4*s + 27187 = 2*b + 141665. What are the prime factors of s?
3, 9539
Let i = -2556 - -9319. List the prime factors of i.
6763
Let y be 168/756 + 7348/(-18). What are the prime factors of 51/y - (-8017)/8?
2, 3, 167
Suppose -4*m + 4*t + 8641 = -13031, 4*m + 4*t - 21664 = 0. List the prime factors of m.
5417
Let w = -630 + 16366. What are the prime factors of w?
2, 7, 281
Let t(j) = 406*j**2 + 1 - 21*j - 22 - 6*j - 5. What are the prime factors of t(-1)?
11, 37
Suppose 3*y = 15, -3*r = -20*y + 25*y - 52198. What are the prime factors of r?
3, 11, 17, 31
What are the prime factors of -10 + (-27851 + -1)/(-12)?
2311
List the prime factors of 4 - (-11 + 17) - 8*(-1798)/1.
2, 3, 17, 47
Suppose 71*b + 2*o - 16 = 69*b, 4 = 5*b - 4*o. Let v be 1049/2 + 2/(-4). Suppose 0 = -5*p - 3*q + v, -b*p - q + 209 = -2*p. List the prime factors of p.
103
Suppose 4*r - o = 669, 4 - 1 = o. Suppose a = -2*i + 192 + 97, 4*a = -3*i + 1141. Let f = a - r. What are the prime factors of f?
5, 23
Suppose 5*j = u + 5536, 3*j + u = -j + 4436. Let a = -163 + j. What are the prime factors of a?
3, 5, 7
Let y(q) = 53*q**2 - 10*q - 79. Let m be y(15). Suppose -33*h + 17*h + m = 0. What are the prime factors of h?
17, 43
Let w(m) = -m**3 + 23*m**2 - 3*m + 24. Suppose 200 = -3*q + 13*q. What are the prime factors of w(q)?
2, 3, 97
Suppose -3*q - 4 = -1, 3*t - 21 = -3*q. Let o be (2 - t)*10/(-2). Suppose -2*v = -254 + o. List the prime factors of v.
2, 7
Let i(c) = -c**2 + 25*c + 152. Let h be i(32). List the prime factors of (1020/(-16))/(h/1632).
5, 17
Suppose -2*u + 17 = 9. Suppose -u*h - 90 + 98 = 0. Suppose h*j + r = -0*j + 31, 70 = 5*j - 5*r. List the prime factors of j.
3, 5
Let d(v) = -4*v - 2*v - 16 + 2*v**2 - v + 6*v. Let q be d(-5). List the prime factors of ((-83)/(-4) + 1)/(q/104).
2, 29
Let d = 11 + -11. Suppose 900 = 25*m - 20*m. Suppose d*w - m = -2*w. What are the prime factors of w?
2, 3, 5
Let l = 12831 - 7641. What are the prime factors of l?
2, 3, 5, 173
Let y(x) = -2*x**3 + 4*x**2 - 4*x - 10. Let i be y(5). Let l = 0 - i. What are the prime factors of l?
2, 3, 5
Suppose 332*u - 330*u = 4*y + 14216, 4*u - 3*y = 28462. What are the prime factors of u?
2, 5, 89
Suppose -57*k - 4